e greatest common factor of 29 and 79721?
29
What is the highest common factor of 328320 and 19?
19
What is the highest common divisor of 149808 and 96?
48
Calculate the greatest common divisor of 1019586 and 654.
654
Calculate the greatest common divisor of 6075 and 2164725.
2025
Calculate the highest common factor of 9077 and 841.
29
What is the greatest common divisor of 123683 and 7?
7
Calculate the greatest common divisor of 3661 and 875.
7
What is the highest common factor of 195978 and 156342?
2202
What is the highest common divisor of 488 and 1724104?
488
What is the greatest common factor of 2921074 and 26?
26
Calculate the highest common divisor of 10890 and 4500.
90
What is the greatest common divisor of 15 and 1191?
3
Calculate the greatest common factor of 6754709 and 1886.
943
Calculate the highest common divisor of 1148 and 185689.
287
What is the greatest common divisor of 127404 and 5832?
36
What is the highest common factor of 17951 and 116?
29
Calculate the highest common divisor of 9782 and 3082.
134
What is the highest common factor of 16130 and 230?
10
Calculate the greatest common divisor of 22132 and 66.
22
Calculate the greatest common divisor of 221872 and 392.
392
What is the highest common factor of 112585 and 1155?
55
What is the highest common factor of 119 and 97699?
119
Calculate the greatest common divisor of 61374 and 2.
2
What is the highest common factor of 2201 and 213?
71
What is the highest common divisor of 58 and 24842?
2
What is the greatest common factor of 28 and 1118684?
28
What is the highest common factor of 1863 and 54?
27
Calculate the greatest common divisor of 8245 and 48985.
485
What is the highest common factor of 37220 and 500?
20
What is the greatest common divisor of 33313 and 7?
7
Calculate the highest common factor of 30258 and 18.
18
What is the highest common divisor of 2368 and 1073?
37
What is the highest common factor of 11979 and 22?
11
What is the highest common factor of 1229 and 293731?
1229
What is the highest common factor of 154 and 8206?
22
Calculate the highest common divisor of 460449 and 792.
99
What is the highest common factor of 125 and 44900?
25
Calculate the greatest common factor of 215849 and 17.
17
What is the greatest common factor of 201 and 577473?
201
Calculate the highest common divisor of 4581 and 4617.
9
Calculate the greatest common divisor of 285070 and 90.
10
What is the highest common divisor of 169 and 36387?
13
Calculate the highest common divisor of 2133 and 24411.
237
Calculate the greatest common divisor of 418285 and 35.
35
What is the highest common factor of 29 and 15167?
29
Calculate the greatest common divisor of 133997 and 235.
47
Calculate the greatest common factor of 192 and 127752.
24
Calculate the greatest common factor of 81 and 90585.
27
Calculate the highest common factor of 5607 and 2520.
63
What is the greatest common divisor of 23072 and 10528?
224
Calculate the highest common divisor of 39 and 43017.
39
Calculate the greatest common factor of 129792 and 23808.
768
What is the highest common factor of 42 and 31528?
14
Calculate the highest common divisor of 730765 and 5.
5
What is the highest common divisor of 87 and 3618?
3
Calculate the greatest common factor of 159 and 94499.
53
What is the highest common divisor of 3269 and 778489?
467
Calculate the greatest common divisor of 131348 and 140.
28
What is the highest common factor of 203 and 33727?
29
What is the highest common divisor of 270 and 46910?
10
What is the highest common factor of 912 and 87856?
304
What is the greatest common factor of 151403 and 2107?
301
Calculate the greatest common divisor of 652768 and 608.
32
Calculate the highest common divisor of 21 and 1101.
3
Calculate the highest common factor of 17 and 16337.
17
Calculate the highest common divisor of 1372 and 30912.
28
What is the highest common factor of 245730 and 90?
30
Calculate the greatest common factor of 1452 and 21444.
12
What is the highest common divisor of 1640 and 179785?
205
Calculate the greatest common divisor of 18178 and 3050.
122
Calculate the highest common factor of 637 and 4706.
13
Calculate the greatest common divisor of 794530 and 220.
110
What is the greatest common factor of 13 and 1581112?
13
Calculate the greatest common factor of 338 and 19747.
13
Calculate the highest common divisor of 55 and 208769.
11
Calculate the highest common factor of 1520 and 171.
19
What is the greatest common divisor of 64686 and 48?
6
What is the highest common divisor of 30 and 287355?
15
What is the greatest common factor of 6019 and 1040?
13
Calculate the highest common divisor of 302 and 181351.
151
Calculate the highest common divisor of 30846 and 261318.
582
Calculate the greatest common factor of 343960 and 80.
40
Calculate the greatest common factor of 17586 and 198.
18
What is the highest common divisor of 45 and 3345?
15
Calculate the highest common divisor of 120 and 9071460.
60
Calculate the highest common divisor of 4106 and 12.
2
What is the highest common factor of 875 and 3822?
7
Calculate the greatest common divisor of 50650 and 290.
10
Calculate the highest common divisor of 39668 and 5640.
188
Calculate the greatest common divisor of 209 and 1229129.
209
Calculate the greatest common divisor of 117 and 3358563.
39
Calculate the greatest common factor of 1988 and 1708.
28
Calculate the greatest common divisor of 2544674 and 3102.
1034
What is the greatest common factor of 48 and 250576?
16
What is the highest common divisor of 1190 and 1826769?
119
What is the greatest common divisor of 1712 and 16?
16
What is the highest common factor of 2504 and 37873?
313
What is the greatest common divisor of 53038 and 368?
46
What is the highest common divisor of 144 and 49272?
24
What is the highest common factor of 9 and 1291419?
9
What is the highest common factor of 252 and 26586?
126
What is the highest common factor of 110 and 657976?
22
Calculate the highest common divisor of 55 and 110099.
11
Calculate the greatest common divisor of 170585 and 189365.
1565
What is the highest common factor of 294 and 236523?
147
What is the highest common factor of 29246 and 728?
14
Calculate the greatest common factor of 81 and 17757.
9
Calculate the greatest common divisor of 4 and 199244.
4
What is the greatest common factor of 2375 and 608?
19
Calculate the highest common divisor of 340152 and 156.
12
Calculate the highest common factor of 6976 and 256.
64
Calculate the greatest common divisor of 2629 and 101814.
239
Calculate the highest common factor of 1356 and 671559.
339
What is the highest common factor of 12 and 2007?
3
What is the highest common factor of 9715 and 2144?
67
What is the greatest common divisor of 128 and 523648?
128
What is the greatest common divisor of 168 and 39557?
7
What is the highest common divisor of 758807 and 7?
7
Calculate the highest common factor of 16 and 1481548.
4
Calculate the highest common divisor of 2 and 871.
1
What is the highest common factor of 106 and 982832?
106
What is the highest common divisor of 5457939 and 303?
303
What is the greatest common divisor of 2910 and 782305?
485
Calculate the greatest common factor of 175 and 61000.
25
Calculate the highest common factor of 101525 and 22475.
775
Calculate the highest common factor of 11755 and 25.
5
Calculate the highest common divisor of 4032 and 3696.
336
Calculate the highest common factor of 31136 and 8757.
973
Calculate the greatest common factor of 10997905 and 3730.
1865
What is the highest common divisor of 18630 and 460?
230
What is the greatest common factor of 810 and 1536030?
270
Calculate the highest common divisor of 1069 and 2.
1
What is the highest common divisor of 45 and 1360230?
15
What is the highest common divisor of 12008 and 10640?
152
What is the highest common divisor of 89858 and 1004?
502
What is the greatest common divisor of 1061501 and 14?
7
What is the highest common factor of 3045 and 1400?
35
What is the greatest common divisor of 42558 and 1230?
246
What is the greatest common factor of 307325 and 950?
475
Calculate the highest common factor of 487256 and 2938.
226
Calculate the greatest common factor of 6272 and 1862.
98
What is the highest common factor of 1